{"id":637,"date":"2024-05-21T23:00:12","date_gmt":"2024-05-21T23:00:12","guid":{"rendered":"https:\/\/experience-tst.syr.edu\/intercultural-collective\/?page_id=637"},"modified":"2026-01-14T10:56:10","modified_gmt":"2026-01-14T15:56:10","slug":"nya-wenha-skanonh-welcome-luncheon","status":"publish","type":"page","link":"https:\/\/experience.syracuse.edu\/intercultural-collective\/belonging-and-student-success\/nya-wenha-skanonh-welcome-luncheon\/","title":{"rendered":"Nya we\u00f1ha Sk\u00e4:no\u00f1h Welcome Luncheon"},"content":{"rendered":"\n<p>Each year the Native Student Program hosts the Nya we\u00f1ha Sk\u00e4:no\u00f1h Welcome Luncheon in celebration of the incoming class of Indigenous students. Hosted by the Native Student Program, Belonging and Student Success and the Syracuse University Native Community, the luncheon takes place prior to the start of classes each fall.<\/p>\n\n\n<p>\n  \n<a href=\"https:\/\/students.syr.edu\/forms\/secure\/index.php?from=intercultural-collective&amp;form=1782786\" class='button margin-bottom button-secondary' style=\"display: inline-block\"  >\n  \n  Welcome Luncheon Registration Form\n      <span class=\"icon-right\">\n      <i class=\"icon-chevron-right\"><\/i>\n    <\/span>\n  <\/a>\n\n\n  <\/p>","protected":false},"excerpt":{"rendered":"<p>Each year the Native Student Program hosts the Nya we\u00f1ha Sk\u00e4:no\u00f1h Welcome Luncheon in celebration of the incoming class of Indigenous students. Hosted by the Native Student Program, Belonging and Student Success and the Syracuse University Native Community, the luncheon takes place prior to the start of classes each fall.<\/p>\n","protected":false},"author":9,"featured_media":0,"parent":67,"menu_order":0,"comment_status":"closed","ping_status":"closed","template":"","meta":{"_acf_changed":false,"footnotes":""},"class_list":["post-637","page","type-page","status-publish","hentry"],"acf":[],"_links":{"self":[{"href":"https:\/\/experience.syracuse.edu\/intercultural-collective\/wp-json\/wp\/v2\/pages\/637","targetHints":{"allow":["GET"]}}],"collection":[{"href":"https:\/\/experience.syracuse.edu\/intercultural-collective\/wp-json\/wp\/v2\/pages"}],"about":[{"href":"https:\/\/experience.syracuse.edu\/intercultural-collective\/wp-json\/wp\/v2\/types\/page"}],"author":[{"embeddable":true,"href":"https:\/\/experience.syracuse.edu\/intercultural-collective\/wp-json\/wp\/v2\/users\/9"}],"replies":[{"embeddable":true,"href":"https:\/\/experience.syracuse.edu\/intercultural-collective\/wp-json\/wp\/v2\/comments?post=637"}],"version-history":[{"count":10,"href":"https:\/\/experience.syracuse.edu\/intercultural-collective\/wp-json\/wp\/v2\/pages\/637\/revisions"}],"predecessor-version":[{"id":2686,"href":"https:\/\/experience.syracuse.edu\/intercultural-collective\/wp-json\/wp\/v2\/pages\/637\/revisions\/2686"}],"up":[{"embeddable":true,"href":"https:\/\/experience.syracuse.edu\/intercultural-collective\/wp-json\/wp\/v2\/pages\/67"}],"wp:attachment":[{"href":"https:\/\/experience.syracuse.edu\/intercultural-collective\/wp-json\/wp\/v2\/media?parent=637"}],"curies":[{"name":"wp","href":"https:\/\/api.w.org\/{rel}","templated":true}]}}